08.
2, 123077
What are the prime factors of 377013?
3, 7, 13, 1381
What are the prime factors of 1428131?
97, 14723
What are the prime factors of 80460?
2, 3, 5, 149
What are the prime factors of 8958872?
2, 13, 86143
List the prime factors of 5568786.
2, 3, 19, 857
List the prime factors of 1464578.
2, 179, 4091
List the prime factors of 2976323.
7, 425189
List the prime factors of 145235.
5, 31, 937
List the prime factors of 1211484.
2, 3, 100957
List the prime factors of 465323.
193, 2411
What are the prime factors of 270307?
270307
List the prime factors of 6442.
2, 3221
List the prime factors of 80343.
3, 79, 113
List the prime factors of 33704.
2, 11, 383
List the prime factors of 8936242.
2, 7, 638303
What are the prime factors of 6288839?
2473, 2543
What are the prime factors of 84073?
11, 7643
What are the prime factors of 1697057?
1697057
What are the prime factors of 7671594?
2, 3, 7, 182657
List the prime factors of 7680400.
2, 5, 7, 13, 211
List the prime factors of 274865.
5, 54973
What are the prime factors of 1051499?
1051499
What are the prime factors of 20757347?
13, 43, 71, 523
List the prime factors of 222883.
222883
List the prime factors of 161352.
2, 3, 83
What are the prime factors of 173321?
31, 5591
List the prime factors of 1621468.
2, 41, 9887
What are the prime factors of 1025442?
2, 3, 11, 5179
What are the prime factors of 1744472?
2, 17, 101, 127
What are the prime factors of 811826?
2, 29, 13997
List the prime factors of 1810424.
2, 7, 11, 2939
List the prime factors of 21444485.
5, 29, 71, 2083
What are the prime factors of 2569920?
2, 3, 5, 2677
List the prime factors of 107797.
17, 373
What are the prime factors of 1415292?
2, 3, 59, 1999
List the prime factors of 767056.
2, 191, 251
List the prime factors of 356890.
2, 5, 89, 401
List the prime factors of 11034472.
2, 47, 29347
List the prime factors of 12071064.
2, 3, 502961
What are the prime factors of 3044735?
5, 608947
List the prime factors of 615719.
13, 47363
What are the prime factors of 893811?
3, 251, 1187
List the prime factors of 733590.
2, 3, 5, 11, 13, 19
What are the prime factors of 1311451?
167, 7853
List the prime factors of 8017745.
5, 379, 4231
List the prime factors of 28763407.
149, 193043
List the prime factors of 3146366.
2, 1573183
What are the prime factors of 2829744?
2, 3, 43, 457
List the prime factors of 89500.
2, 5, 179
What are the prime factors of 2732457?
3, 7, 13, 10009
List the prime factors of 586552.
2, 157, 467
List the prime factors of 847887.
3, 233, 1213
List the prime factors of 87239.
23, 3793
List the prime factors of 148209.
3, 127, 389
What are the prime factors of 34758?
2, 3, 1931
List the prime factors of 1836493.
17, 59, 1831
What are the prime factors of 17215571?
31, 163, 3407
List the prime factors of 4615963.
11, 233, 1801
List the prime factors of 3020244.
2, 3, 293, 859
What are the prime factors of 137558?
2, 109, 631
What are the prime factors of 47239?
97, 487
What are the prime factors of 139853?
7, 19979
List the prime factors of 572223.
3, 19, 10039
List the prime factors of 986284.
2, 13, 1459
List the prime factors of 43711.
43711
List the prime factors of 9857779.
59, 167081
List the prime factors of 7895047.
29, 61, 4463
List the prime factors of 4520276.
2, 269, 4201
What are the prime factors of 198339?
3, 17, 3889
List the prime factors of 1325095.
5, 31, 83, 103
What are the prime factors of 9415961?
167, 56383
What are the prime factors of 2115118?
2, 19, 55661
What are the prime factors of 16723441?
7, 2389063
List the prime factors of 375107.
23, 47, 347
What are the prime factors of 2678731?
11, 243521
List the prime factors of 26885.
5, 19, 283
List the prime factors of 670550.
2, 5, 13411
What are the prime factors of 10488982?
2, 7, 37, 20249
What are the prime factors of 5509799?
179, 30781
List the prime factors of 1097505.
3, 5, 29
List the prime factors of 1546205.
5, 309241
What are the prime factors of 5164060?
2, 5, 11, 23473
What are the prime factors of 792130?
2, 5, 113, 701
List the prime factors of 5666893.
31, 182803
What are the prime factors of 5293073?
997, 5309
What are the prime factors of 15374829?
3, 5124943
List the prime factors of 545170.
2, 5, 54517
What are the prime factors of 300041?
7, 42863
List the prime factors of 15419948.
2, 47, 82021
List the prime factors of 1288438.
2, 701, 919
What are the prime factors of 3114512?
2, 37, 5261
What are the prime factors of 916691?
17, 53923
What are the prime factors of 22145271?
3, 17, 434221
What are the prime factors of 600109?
600109
What are the prime factors of 852035?
5, 23, 31, 239
List the prime factors of 744740.
2, 5, 23, 1619
List the prime factors of 380006.
2, 11, 23, 751
What are the prime factors of 326706?
2, 3, 17, 3203
List the prime factors of 3113255.
5, 229, 2719
What are the prime factors of 3553?
11, 17, 19
What are the prime factors of 2102160?
2, 3, 5, 19, 461
What are the prime factors of 138581?
138581
What are the prime factors of 795007?
795007
What are the prime factors of 297102?
2, 3, 13, 293
What are the prime factors of 3701897?
773, 4789
What are the prime factors of 586474?
2, 7, 163, 257
List the prime factors of 1857061.
1063, 1747
What are the prime factors of 617222?
2, 43, 7177
List the prime factors of 6887467.
41, 167987
What are the prime factors of 200514?
2, 3, 23, 1453
What are the prime factors of 20596728?
2, 3, 29, 101, 293
What are the prime factors of 20989429?
61, 223, 1543
List the prime factors of 1108297.
929, 1193
List the prime factors of 1050638.
2, 47, 11177
List the prime factors of 881472.
2, 3, 4591
List the prime factors of 3415911.
3, 1138637
List the prime factors of 1787546.
2, 577, 1549
List the prime factors of 932586.
2, 3, 17, 41, 223
List the prime factors of 1568350.
2, 5, 7, 4481
List the prime factors of 291962.
2, 11, 23, 577
List the prime factors of 370883.
370883
What are the prime factors of 636120?
2, 3, 5, 19, 31
List the prime factors of 201017.
179, 1123
List the prime factors of 21767599.
7, 17, 182921
What are the prime factors of 150550?
2, 5, 3011
List the prime factors of 295944.
2, 3, 11, 19, 59
List the prime factors of 3339122.
2, 41, 43, 947
What are the prime factors of 5048255?
5, 1009651
What are the prime factors of 519641?
137, 3793
List the prime factors of 87388.
2, 7, 3121
List the prime factors of 1166437.
31, 191, 197
List the prime factors of 7245747.
3, 37, 7253
List the prime factors of 13569024.
2, 3, 7, 631
What are the prime factors of 26736355?
5, 5347271
What are the prime factors of 365147?
365147
List the prime factors of 1176562.
2, 241, 2441
What are the prime factors of 95952?
2, 3, 1999
List the prime factors of 822189.
3, 53, 5171
List the prime factors of 301228.
2, 75307
List the prime factors of 21946.
2, 10973
What are the prime factors of 244985?
5, 13, 3769
What are the prime factors of 603916?
2, 150979
List the prime factors of 1262823.
3, 420941
What are the prime factors of 1848087?
3, 17, 47, 257
What are the prime factors of 138444?
2, 3, 83, 139
List the prime factors of 93413.
109, 857
List the prime factors of 57040.
2, 5, 23, 31
List the prime factors of 177963.
3, 137, 433
List the prime factors of 11112860.
2, 5, 11, 50513
What are the prime factors of 923715?
3, 5, 13, 1579
List the prime factors of 250845.
3, 5, 7, 2389
What are the prime factors of 257887?
7, 19, 277
List the prime factors of 226911.
3, 43, 1759
What are the prime factors of 347564?
2, 7, 12413
What are the prime factors of 7090136?
2, 853, 1039
List the prime factors of 15760560.
2, 3, 5, 97, 677
What are the prime factors of 746150?
2, 5, 14923
What are the prime factors of 2911579?
11, 19, 13931
What are the prime factors of 1922339?
1922339
What are the prime factors of 11854142?
2, 149, 39779
List the prime factors of 1044922.
2, 17, 73, 421
List the prime factors of 1918765.
5, 383753
What are the prime factors of 77835?
3, 5, 5189
List the prime factors of 2513801.
2513801
What are the prime factors of 5127828?
2, 3, 569, 751
What are the prime factors of 22044878?
2, 59, 227, 823
List the prime factors of 5422843.
503, 10781
List the prime factors of 1867436.
2, 466859
List the prime factors o